{"id":241,"date":"2017-08-17T10:59:45","date_gmt":"2017-08-17T08:59:45","guid":{"rendered":"http:\/\/www.hdspravanemovitosti.cz\/?page_id=241"},"modified":"2021-08-06T08:50:24","modified_gmt":"2021-08-06T06:50:24","slug":"spolupracujeme","status":"publish","type":"page","link":"https:\/\/www.hdspravanemovitosti.cz\/index.php\/spolupracujeme\/","title":{"rendered":"Spolupracujeme"},"content":{"rendered":"\n<p><\/p>\n\n\n\n<p><a href=\"http:\/\/www.cigdus.cz\/\" target=\"_blank\" rel=\"noopener noreferrer\"><strong><\/strong><\/a><\/p>\n\n\n<p style=\"text-align: center;\"><a href=\"https:\/\/www.cigdus.cz\" target=\"_blank\" rel=\"noopener noreferrer\"><img loading=\"lazy\" decoding=\"async\" class=\"aligncenter wp-image-679 size-medium\" src=\"https:\/\/www.hdspravanemovitosti.cz\/wp-content\/uploads\/2021\/08\/cigdus-blue-logo-300x66.gif\" alt=\"CigDus\" width=\"300\" height=\"66\" \/><\/a><\/p>\n<p style=\"text-align: center;\"><a href=\"https:\/\/www.cigdus.cz\" target=\"_blank\" rel=\"noopener noreferrer\">CigDus s.r.o. &#8211; voda, kanalizace, topen\u00ed, plyn, \u010di\u0161t\u011bn\u00ed odpad\u016f<\/a><\/p>\n<hr \/>\n<p style=\"text-align: center;\" data-wp-editing=\"1\"><strong><a href=\"http:\/\/baurekon.cz\/\" target=\"_blank\" rel=\"noopener\"><img loading=\"lazy\" decoding=\"async\" class=\"aligncenter wp-image-565 size-full\" src=\"https:\/\/www.hdspravanemovitosti.cz\/wp-content\/uploads\/2020\/05\/logo-burekon.png\" alt=\"\" width=\"264\" height=\"100\" \/><\/a><a href=\"http:\/\/baurekon.cz\/\">BAUREKON s.r.o.<\/a><\/strong><a href=\"http:\/\/baurekon.cz\/\"> &#8211; zaji\u0161\u0165ujeme kompletn\u00ed prov\u00e1d\u011bn\u00ed staveb, jejich zm\u011bn a odstra\u0148ov\u00e1n\u00ed<\/a><\/p>\n<hr \/>\n<p style=\"text-align: center;\"><a href=\"https:\/\/hnat.eu\/\" target=\"_blank\" rel=\"noopener noreferrer\"><img loading=\"lazy\" decoding=\"async\" class=\"aligncenter\" src=\"https:\/\/i1.wp.com\/www.hnat.eu\/wp-content\/uploads\/2017\/04\/Hnat-text-RGB.png?fit=973%2C403&amp;ssl=1\" alt=\"Zp\u011bt dom\u016f\" width=\"201\" height=\"83\" \/><strong>Hnat.EU s.r.o.<\/strong>\u00a0&#8211; alarmy Jablotron, IT, ant\u00e9ny, satelity a syst\u00e9my vstupu<\/a><\/p>\n<p>\u00a0<\/p>","protected":false},"excerpt":{"rendered":"<p>CigDus s.r.o. &#8211; voda, kanalizace, topen\u00ed, plyn, \u010di\u0161t\u011bn\u00ed odpad\u016f BAUREKON s.r.o. &#8211; zaji\u0161\u0165ujeme kompletn\u00ed prov\u00e1d\u011bn\u00ed staveb, jejich zm\u011bn a odstra\u0148ov\u00e1n\u00ed Hnat.EU s.r.o.\u00a0&#8211; alarmy Jablotron, IT, ant\u00e9ny, satelity a syst\u00e9my vstupu \u00a0<\/p>\n","protected":false},"author":1,"featured_media":0,"parent":0,"menu_order":0,"comment_status":"open","ping_status":"closed","template":"","meta":{"_et_pb_use_builder":"off","_et_pb_old_content":"","_et_gb_content_width":"","footnotes":""},"class_list":["post-241","page","type-page","status-publish","hentry"],"_links":{"self":[{"href":"https:\/\/www.hdspravanemovitosti.cz\/index.php\/wp-json\/wp\/v2\/pages\/241","targetHints":{"allow":["GET"]}}],"collection":[{"href":"https:\/\/www.hdspravanemovitosti.cz\/index.php\/wp-json\/wp\/v2\/pages"}],"about":[{"href":"https:\/\/www.hdspravanemovitosti.cz\/index.php\/wp-json\/wp\/v2\/types\/page"}],"author":[{"embeddable":true,"href":"https:\/\/www.hdspravanemovitosti.cz\/index.php\/wp-json\/wp\/v2\/users\/1"}],"replies":[{"embeddable":true,"href":"https:\/\/www.hdspravanemovitosti.cz\/index.php\/wp-json\/wp\/v2\/comments?post=241"}],"version-history":[{"count":28,"href":"https:\/\/www.hdspravanemovitosti.cz\/index.php\/wp-json\/wp\/v2\/pages\/241\/revisions"}],"predecessor-version":[{"id":684,"href":"https:\/\/www.hdspravanemovitosti.cz\/index.php\/wp-json\/wp\/v2\/pages\/241\/revisions\/684"}],"wp:attachment":[{"href":"https:\/\/www.hdspravanemovitosti.cz\/index.php\/wp-json\/wp\/v2\/media?parent=241"}],"curies":[{"name":"wp","href":"https:\/\/api.w.org\/{rel}","templated":true}]}}